ird derivative of h(i). Give z(1).
-3
Let q be 190/285 + 20/6. Let k(c) be the second derivative of -1/2*c**2 + 18*c + 0*c**3 + 0 + 5/12*c**q. Determine k(1).
4
Suppose 506*u - 508*u = 36. Let f(j) = 20 - 6 + 3 + j + 0*j. Give f(u).
-1
Let v(g) = -4*g**3 - 2*g**2 - 3*g. Let b = -10 - -25. Let z be 16/(-40)*(b*-1)/(-3). Determine v(z).
30
Let x(n) = 7*n**2 + 157*n - 28. Let f(i) = -i**2 - 17*i + 2. Let r(b) = -9*f(b) - x(b). What is r(3)?
16
Suppose 3*j - 511 = -4*j. Suppose 62*l = j*l + 66. Let c(a) = 5*a**3 - 5*a**2 + 11*a - 6. Let t(b) = b**3 + b. Let n(v) = -c(v) + 6*t(v). Determine n(l).
0
Let n(l) = 2*l**3 - 135*l**2 - 14*l + 231*l**2 - 56*l**2 - 3*l**3 - 59*l**2 + 72. What is n(-18)?
0
Let v be (0 - 3) + (-3 - -2). Let p(i) = -18*i + 255. Let c be p(14). Let n(k) = -3*k + 9 + 5 - 12*k**2 + 14*k**2 - 10 - c*k**2. Determine n(v).
0
Let c(f) = -f**2 - 20*f - 61. Suppose 0 = -5*j - a - 75, 0 = j + 4*a + 15 - 19. Determine c(j).
3
Let m(w) be the second derivative of w**4/3 - w**3/6 - 2*w**2 + 2*w. Let j(a) = -57*a - 2910. Let f be j(-51). Give m(f).
35
Suppose -423*b + 4450 = 22*b. Let f(w) be the second derivative of w**5/20 - 5*w**4/6 - w**3/6 + 6*w**2 + w. What is f(b)?
2
Let p(r) = -21*r**3 + 8*r**2 + 32*r + 40. Let d(u) = 23*u**3 - 7*u**2 - 35*u - 40. Let f(n) = 10*d(n) + 11*p(n). Determine f(18).
76
Let s(j) be the second derivative of 33*j - 1/6*j**4 + 1/20*j**5 - 1/6*j**3 + 0*j**2 + 0. Give s(-2).
-14
Let n be (-12 + 16 - (-10 - -5)) + -13. Let l(r) = 5*r**2 - 3*r + 5. Let c(o) = -6*o**2 + 4*o - 5. Let p(d) = -6*c(d) - 7*l(d). Give p(n).
23
Let m(v) = 30*v**2 - 9 + 13*v - 18*v**2 - 18*v - 11*v**2. Give m(-2).
5
Let v(o) = -o - 24. Let d(n) = -8*n**2 + 31*n + 257. Let b be d(8). Give v(b).
-17
Let s be (-28)/35*(9/(-1) + -1). Suppose 0 = -4*p - 2*c - 18, 0 = -p - 5*c + 1 + s. Let x(l) = 4*l + 5. Give x(p).
-19
Let u(q) = -2*q**2 - 59*q + 43. Let h(v) = 5*v**2 + 157*v - 113. Let n(w) = -3*h(w) - 8*u(w). Let k be (-2)/4 - (-18)/4. What is n(k)?
15
Suppose 9 = -4*u + 3*c, 231 = -5*c + 246. Let i(j) be the third derivative of u + 1/3*j**3 + 0*j - 26*j**2 + 1/60*j**5 + 1/24*j**4. Calculate i(-2).
4
Let n(t) = -t**3 + 9*t**2 + 6*t + 8. Let x be n(8). Suppose l + x = 2*w, -4*w + 0*w - 4*l + 264 = 0. Let i = -56 + w. Let d(b) = -b + 2. Give d(i).
-4
Let t(k) = -k**3 - 6*k**2 + 7*k - 10. Let w(i) = -i**2 - 6*i + 3347. Let c be w(-61). Determine t(c).
62
Let o(q) be the third derivative of q**6/120 - 3*q**5/20 - 2*q**4/3 - 53*q**3/6 - 2792*q**2. Determine o(11).
13
Let o = 8 - 8. Let n(s) = -113 - 123 - 1682*s + 1683*s + 219. What is n(o)?
-17
Let b(k) = -4*k + 9. Suppose 5 = m - 6*c + 8*c, 0 = -2*m - 5*c + 11. Suppose -t - 35 = 5*z, -5*t = -m*z - 32 + 11. Determine b(z).
37
Let f(y) = -3 - 50*y + 20*y + 0 + 23*y. Let l(t) = 2*t + 1. Let c(n) = 3*f(n) + 8*l(n). Let o(p) = -p + 3. Let v be o(5). What is c(v)?
9
Let u = -1615 + 851. Let n = u + 763. Let q(s) = 9*s + 2. What is q(n)?
-7
Let x(y) = -2*y + 5. Let w(t) = 19*t + 61. Let n be w(-3). Suppose -5*m - n*b - 30 = 0, m + 6 = 10*b - 12*b. Determine x(m).
17
Let t(h) be the second derivative of 7/12*h**4 + 0 + 7/2*h**2 - 7/6*h**3 - 1/20*h**5 + 38*h. Give t(6).
1
Let r(n) be the second derivative of -n**4/12 - 3*n**3 - n**2 + 1699*n. Give r(-18).
-2
Let m = 13 + -14. Let n be (-8 - 4)*-1*3/2. Let u(i) = 12*i + n*i - 14*i - 1. Give u(m).
-17
Let i(c) = -c**3 + 10*c**2 + 4*c - 30. Let x(z) = 3*z**3 + 10*z**2 - 3*z - 8. Let o be x(-3). Determine i(o).
10
Let g = -5918 - -5909. Let v(n) be the first derivative of -n**4/4 - 10*n**3/3 - 5*n**2 - 11*n + 2. Give v(g).
-2
Let u(b) = -b**3 - 4*b**2 - 7*b - 23. Let x = 26660 - 26663. Determine u(x).
-11
Suppose -4*q = -4*w + 4, -2*q + 5*q + 11 = 5*w. Suppose -z - 1 = 2*v, 0*v - 4*z - 9 = q*v. Let t(c) = -c**3 + 1 - c - c**3 + 4*c**3 - 3*c**3 - c**2. Give t(v).
-2
Let w(f) be the second derivative of f**3/2 + 19*f**2/2 - 589*f. What is w(2)?
25
Suppose 8*h + 64 = 5*r + 6*h, 0 = -3*r - 3*h + 30. Suppose -q - 5*w + 7*w = -2, -4*w = r. Let a(z) = -z + 3. Determine a(q).
7
Let z be (45/(-10))/((-12)/160). Let h(y) = z - 3*y + 8*y + y**2 - 58. Let i be -4 - (4 - 4) - (0 - 1). Give h(i).
-4
Suppose 5*i - i + 20 = 0. Let n(q) be the first derivative of -q**2/2 - 466. Determine n(i).
5
Let w(k) = -5*k**2 + 4*k + 6. Let r = -506 - -517. Let g(n) = -26*n**2 + 22*n + 31. Let q(b) = r*w(b) - 2*g(b). What is q(-3)?
-23
Let v(x) = -19*x**2 - 55*x + 1. Let p be v(-3). Let k(z) = -39*z - 4 + 79*z - 41*z. Determine k(p).
1
Let x(m) = 3*m - 2 - 2*m**2 - m**2 - 1 + 2*m**2. Let u be (-8)/12 - 5/((-60)/(-592)). Let j be (-180)/u - 4/(-10). Give x(j).
-7
Let m(p) = 4*p**2 + 29. Let x be m(0). Let t(j) = -j + 38*j**3 - 19*j**3 - 20*j**3 - x. Give t(0).
-29
Suppose 2*y + 108 = 4*r + 3*y, -100 = -4*r + y. Suppose -28*c - 2 = -r*c. Let q(t) = -7*t**2 + t + 1. Give q(c).
-7
Let d(w) = -3*w**3 - 19*w**2 - 5*w + 25. Let s(g) = -4*g**3 - 21*g**2 + 27. Let b(y) = -3*d(y) + 2*s(y). Give b(-14).
-35
Let s(r) be the third derivative of 7*r**4/8 - 7*r**3/2 + 369*r**2. Give s(1).
0
Let v(m) = 4*m**2 - 12*m - 3. Let l(b) = -11*b**2 + 34*b + 10. Suppose 24 = 7*s + s. Let r(x) = s*l(x) + 8*v(x). Let y = 13 + -7. Give r(y).
6
Let i(o) = 3*o**2 + 4*o - 4. Let z(t) = t**3 + 3*t**2 - 2. Let q be z(1). Determine i(q).
16
Let m = -16150 - -16148. Let z(p) = -5*p**2 - p - 2. Calculate z(m).
-20
Let r(v) = v**2 - 9*v + 9. Let y = 1820 + -1811. Give r(y).
9
Let q(j) = 2*j + 18. Let k be q(-5). Let v be (-9)/(-6)*5/((-30)/k). Let t(p) = -2*p - 2. Calculate t(v).
2
Suppose 5*q + 0*a + 4*a = 47, -a - 11 = -2*q. Let z(k) = -4*k**2 - 3141*k + 5*k**2 + 3136*k + 7 - 12. Give z(q).
9
Let q(y) = -24*y**3 + 2*y**2 + 4*y + 1. Let g(s) = -s**3 + 110*s**2 - 213*s - 325. Let f be g(108). What is q(f)?
23
Let j(s) = 10 + 10 + 18*s - 49 + 9. Give j(2).
16
Let j(l) = -l + 39. Suppose 336 = 12*q + 36. Determine j(q).
14
Suppose 2*p = 4*p - 12. Let x(j) be the first derivative of -j**3/3 + 7*j**2/2 - 15*j - 257250. What is x(p)?
-9
Let z(o) = o - 15. Let d(p) = -14. Let i(a) = 7*d(a) - 4*z(a). What is i(-11)?
6
Let f(u) be the second derivative of 1/2*u**2 + 62*u + 1 + 1/2*u**3. Determine f(-4).
-11
Let v(a) = -a**2 - 6*a + 4. Let j be v(-6). Suppose 6 = -j*t + 22. Let b(d) = 4*d**2 - d**3 + 2*d - 3098 + 0*d**2 + 3093. Determine b(t).
3
Let n be (-17)/3 - (-11)/(-33). Let x be (n/18)/(2/18). Let d(l) = 25*l**2 + 25*l + 17. Let v(o) = 9*o**2 + 9*o + 6. Let b(u) = 3*d(u) - 8*v(u). What is b(x)?
21
Suppose 9 - 23 = -2*d. Let x be 781/d + 4/(-7). Let a = x + -112. Let s(i) = 17*i**2. What is s(a)?
17
Let m(g) = -6*g**2 + 798 - 6*g + 5*g**2 - 808 - 4*g. Calculate m(-8).
6
Let p = 47 + -36. Let u(v) = -2*v**3 + v**2 + 6*v - 4. Let j(g) = -5*g**3 + 2*g**2 + 17*g - 11. Let f(t) = p*u(t) - 4*j(t). Let c = 31 + -29. Determine f(c).
-8
Let h(v) = -3*v + 61. Let z(c) = 6*c - 63. Let x(j) = 5*h(j) + 4*z(j). Determine x(-11).
-46
Let q(l) = l**2 + 16*l + 57. Let g be q(-9). Let m be g - ((-5)/(-15))/(2/(-6)). Let i(d) = -d**3 - 6*d**2 - d + 2. What is i(m)?
-18
Suppose -q + 2*a = 4*q - 17, 7 = 5*q + 8*a. Let w(m) = -36*m + 3. Give w(q).
-105
Let b(s) = s + 3*s + 9*s. Let v = -23821 + 23822. Calculate b(v).
13
Let a(u) be the first derivative of 31/2*u**2 - 2*u + 235. Give a(1).
29
Let t be 84 + -73 + (-8 - 4) + 3. Let q(f) = -f - f - 3*f - 1. What is q(t)?
-11
Let c be (-26 + 29)*(6 + -1). Let q(r) = 49*r + r**2 - r**3 - c - 22*r - 27*r. Calculate q(0).
-15
Let u = -13417 - -13423. Let r(s) = -12*s + 22. Determine r(u).
-50
Let a = 18118 + -18107. Let u(m) = -2*m**2 + 24*m - 10. Give u(a).
12
Suppose 0 = -3*w + 3*d + 15, 5*w - 10 = -2*d + 8. Let q be (2 - 1) + (-1 - -1) + w. Let c(z) = -3 - q - 6*z + 2 + 7*z. What is c(-6)?
-12
Let g(s) = -14 - s + 10 + 18. Suppose -v = 2*a - 27 - 213, -5*v + 1220 = 5*a. Let d = -239 + v. Calculate g(d).
5
Let r(j) be the second derivative of j**5/20 + j**4/12 - j**3/6 - 19*j**2/2 - 15*j + 11. Suppose 5 - 1 = -g. Let p(o) = o + 4. Let n be p(g). Give r(n).
-19
Suppose f - 4 = 3*c, -5*f + f = -2*c - 16. Let w(z) = -3*z + 1189 + c*z - 1192. What is w(-2)?
3
Suppose -31 = -n - 28. Let u(f) = n*f + 5*f**2 - 4*f**2 - 21 + 21. Give u(-3).
0
Let p = 64 + -48. Suppose -n + 34 = 3*t, -2*n = -2*t + 12 + p. 